{"id":163,"date":"2021-09-19T06:15:38","date_gmt":"2021-09-19T06:15:38","guid":{"rendered":"https:\/\/www.mindysart.fi\/?page_id=163"},"modified":"2025-04-18T12:53:13","modified_gmt":"2025-04-18T12:53:13","slug":"tietosuojaseloste","status":"publish","type":"page","link":"https:\/\/www.mindysart.fi\/index.php\/tietosuojaseloste\/","title":{"rendered":"Tietosuojaseloste"},"content":{"rendered":"\n<div class=\"wp-block-group\"><div class=\"wp-block-group__inner-container is-layout-flow wp-block-group-is-layout-flow\">\n<p>Henkil\u00f6tietolaki (523\/1999) 10 \u00a7 ja 24 \u00a7<\/p>\n\n\n\n<p>1. <strong>REKISTERINPIT\u00c4J\u00c4<\/strong><\/p>\n\n\n\n<p>Verkkosivut: https:\/\/www.mindysart.fi. Harrastustoiminta. Yhteyshenkil\u00f6n\u00e4 Minna Saarinen. S\u00e4hk\u00f6posti ja yhteydenotto: minna.ao.saarinen@outlook.com<\/p>\n\n\n\n<p>2. <strong>REKISTERIN NIMI<\/strong><\/p>\n\n\n\n<p>Mindys Art; Asiakkaat<\/p>\n\n\n\n<p>3. <strong>HENKIL\u00d6TIETOJEN K\u00c4SITTELYN TARKOITUS<\/strong><\/p>\n\n\n\n<p>Yhteydenpito asiakkaiden kanssa. T\u00e4m\u00e4 sis\u00e4lt\u00e4\u00e4 tarjouspyynt\u00f6ihin ja kyselyihin vastaamisen, tilaukset, tuotteiden l\u00e4hett\u00e4misen, laskutuksen, mahdolliset palautukset ja muut kyselyt.<\/p>\n\n\n\n<p>4. <strong>REKISTERIN TIETOSIS\u00c4LT\u00d6<\/strong><\/p>\n\n\n\n<p>Tiedot merkit\u00e4\u00e4n rekisteriin (laskutusohjelman asiakastietokanta) siin\u00e4 vaiheessa, kun asiakas on tehnyt tilauksen ja se laskutetaan. Asiakkaista on rekisteriss\u00e4 seuraavat tiedot: nimi, puhelinnumero, osoite, s\u00e4hk\u00f6postiosoite.<\/p>\n\n\n\n<p>5. <strong>S\u00c4\u00c4NN\u00d6NMUKAISET TIETOL\u00c4HTEET<\/strong><\/p>\n\n\n\n<div class=\"wp-block-group\"><div class=\"wp-block-group__inner-container is-layout-flow wp-block-group-is-layout-flow\">\n<div class=\"wp-block-group\"><div class=\"wp-block-group__inner-container is-layout-flow wp-block-group-is-layout-flow\">\n<p>Rekisteriin merkityt tiedot saadaan suoraan rekister\u00f6idylt\u00e4 itselt\u00e4\u00e4n. <\/p>\n\n\n\n<p>6. <strong>TIETOJEN S\u00c4\u00c4NN\u00d6NMUKAISET LUOVUTUKSET<\/strong><\/p>\n\n\n\n<p>Tietoja ei luovuteta kolmannelle osapuolelle ilman rekister\u00f6idyn suostumusta.<\/p>\n\n\n\n<p>7. <strong>TIETOJEN SIIRT\u00c4MINEN EU:N TAI ETA:N ULKOPUOLELLE<\/strong><\/p>\n\n\n\n<p>Tietoja ei siirret\u00e4 EU:n tai ETA:n ulkopuolelle.<\/p>\n\n\n\n<p>8. <strong>TIETOJEN S\u00c4ILYTYSAIKA<\/strong><\/p>\n\n\n\n<p>Tietoja s\u00e4ilytet\u00e4\u00e4n asiakassuhteen alusta niin kauan, 1) kunnes asiakas toisin ilmoittaa 2) kunnes harrastustoiminta lopettaa toiminnan. Molemmissa tapauksissa tiedot h\u00e4vitet\u00e4\u00e4n asianmukaisesti lopullisesti tietokannasta.<\/p>\n\n\n\n<p>9. <strong>REKISTERIN SUOJAAMISEN PERUSTEET<\/strong><\/p>\n\n\n\n<p>1<strong>)<\/strong> <strong>manuaalinen aineisto<\/strong>: Joitakin asiakkaiden tietoja (nimi) voi olla kirjoitettuna paperille tuotteen kaavojen\/teko-ohjeiden\/mittojen yhteyteen. N\u00e4m\u00e4 paperit s\u00e4ilytet\u00e4\u00e4n muiden ulottumattomissa. Suurimmasta osasta asiakkaista manuaalisia tietoja ei ole lainkaan.<\/p>\n\n\n\n<p><strong> 2) ATK:lla k\u00e4sitelt\u00e4v\u00e4 aineisto<\/strong>: Asiakasrekisteri, on tietokoneella, joka on suojattu salasanalla, jonka tiet\u00e4\u00e4 vain rekisterinpit\u00e4j\u00e4. Tietokoneessa on aina ajantasalla oleva F-securen tietoturvaohjelmisto.<\/p>\n\n\n\n<p>10. <strong>TARKOITUSOIKEUS<\/strong><\/p>\n\n\n\n<p>Rekisteriin merkityll\u00e4 on oikeus saada tiet\u00e4\u00e4, mit\u00e4 tietoja h\u00e4nest\u00e4 rekisteriss\u00e4 on. N\u00e4m\u00e4 tiedot halutessaan tulee rekister\u00f6idyn esitt\u00e4\u00e4 pyynt\u00f6 s\u00e4hk\u00f6postitse osoitteeseen minna.ao.saarinen@outlook.com<\/p>\n\n\n\n<p>11. <strong>OIKEUS VAATIA TIEDON KORJAAMISTA<\/strong><\/p>\n\n\n\n<p>Mik\u00e4li rekisterist\u00e4 l\u00f6ytyv\u00e4t tiedot ovat virheellisi\u00e4 \/vanhentuneita, on rekister\u00f6idyll\u00e4 oikeus vaatia tiedon korjaamista. Tiedon korjaamisvaatimus tulee esitt\u00e4\u00e4 s\u00e4hk\u00f6postitse osoitteeseen minna.ao.saarinen@outlook.com. Rekisterinpit\u00e4j\u00e4 korjaa uudet tiedot viipym\u00e4tt\u00e4.<\/p>\n\n\n\n<p>12. <strong>MUUT HENKIL\u00d6TIEDON K\u00c4SITTELYYN LIITTYV\u00c4T OIKEUDET<\/strong><\/p>\n\n\n\n<p>\u201dHenkil\u00f6tietolain 30 \u00a7:n mukaan rekister\u00f6idyll\u00e4 on oikeus kielt\u00e4\u00e4 rekisterinpit\u00e4j\u00e4\u00e4 k\u00e4sittelem\u00e4st\u00e4 h\u00e4nt\u00e4 itse\u00e4\u00e4n koskevia tietoja suoramainontaa, et\u00e4myynti\u00e4 ja muuta suoramarkkinointia sek\u00e4 markkina- ja mielipidetutkimusta samoin kuin henkil\u00f6matrikkelia ja sukututkimusta varten.&#8221; (kopioitu suoraan tietosuojaselosteen t\u00e4ytt\u00f6oppaasta)<\/p>\n\n\n\n<p><\/p>\n\n\n\n<p>Lis\u00e4\u00e4 tietoa tietosuoja-asetuksesta esim. tietosuojavaltuutetun sivuilla <em>http:\/\/www.tietosuoja.fi\/fi\/index\/euntietosuojauudistus.html<\/em><\/p>\n<\/div><\/div>\n<\/div><\/div>\n\n\n\n<p><\/p>\n<\/div><\/div>\n","protected":false},"excerpt":{"rendered":"<p>Henkil\u00f6tietolaki (523\/1999) 10 \u00a7 ja 24 \u00a7 1. REKISTERINPIT\u00c4J\u00c4 Verkkosivut: https:\/\/www.mindysart.fi. Harrastustoiminta. Yhteyshenkil\u00f6n\u00e4 Minna Saarinen. S\u00e4hk\u00f6posti ja yhteydenotto: minna.ao.saarinen@outlook.com 2. REKISTERIN NIMI Mindys Art; Asiakkaat 3. HENKIL\u00d6TIETOJEN K\u00c4SITTELYN TARKOITUS Yhteydenpito&hellip;<\/p>\n","protected":false},"author":1,"featured_media":0,"parent":0,"menu_order":0,"comment_status":"closed","ping_status":"closed","template":"","meta":{"footnotes":""},"class_list":["post-163","page","type-page","status-publish","hentry"],"_links":{"self":[{"href":"https:\/\/www.mindysart.fi\/index.php\/wp-json\/wp\/v2\/pages\/163","targetHints":{"allow":["GET"]}}],"collection":[{"href":"https:\/\/www.mindysart.fi\/index.php\/wp-json\/wp\/v2\/pages"}],"about":[{"href":"https:\/\/www.mindysart.fi\/index.php\/wp-json\/wp\/v2\/types\/page"}],"author":[{"embeddable":true,"href":"https:\/\/www.mindysart.fi\/index.php\/wp-json\/wp\/v2\/users\/1"}],"replies":[{"embeddable":true,"href":"https:\/\/www.mindysart.fi\/index.php\/wp-json\/wp\/v2\/comments?post=163"}],"version-history":[{"count":7,"href":"https:\/\/www.mindysart.fi\/index.php\/wp-json\/wp\/v2\/pages\/163\/revisions"}],"predecessor-version":[{"id":948,"href":"https:\/\/www.mindysart.fi\/index.php\/wp-json\/wp\/v2\/pages\/163\/revisions\/948"}],"wp:attachment":[{"href":"https:\/\/www.mindysart.fi\/index.php\/wp-json\/wp\/v2\/media?parent=163"}],"curies":[{"name":"wp","href":"https:\/\/api.w.org\/{rel}","templated":true}]}}