{"id":184,"date":"2021-09-19T09:14:07","date_gmt":"2021-09-19T09:14:07","guid":{"rendered":"https:\/\/www.mindysart.fi\/?page_id=184"},"modified":"2026-01-23T07:25:51","modified_gmt":"2026-01-23T07:25:51","slug":"tilaus-ja-hinnasto","status":"publish","type":"page","link":"https:\/\/www.mindysart.fi\/index.php\/tilaus-ja-hinnasto\/","title":{"rendered":"Taulutilaus ja hinnasto"},"content":{"rendered":"\n<p class=\"has-medium-font-size\">Teen taulut &#8221;mittatilauksella&#8221; asiakkaan toivomasta kuvasta. <\/p>\n\n\n\n<p><\/p>\n\n\n\n<p class=\"has-color-dark-color has-pale-cyan-blue-background-color has-text-color has-background has-medium-font-size\"><strong>LYIJYKYN\u00c4- JA PASTELLIPIIRROKSET <\/strong>on saatavina joko <\/p>\n\n\n\n<ul class=\"wp-block-list\">\n<li class=\"has-medium-font-size\">mustavalkoisina<\/li>\n\n\n\n<li class=\"has-medium-font-size\">mustavalkoisina pienell\u00e4 yksityiskohtaisella v\u00e4rilis\u00e4yksell\u00e4<\/li>\n\n\n\n<li class=\"has-medium-font-size\">osittain mustavalkoisena ja osittain v\u00e4rillisen\u00e4 (50\/50) tai<\/li>\n\n\n\n<li class=\"has-medium-font-size\">kokonaan v\u00e4rillisen\u00e4.<\/li>\n<\/ul>\n\n\n\n<p><\/p>\n\n\n\n<p class=\"has-medium-font-size\">Tilaukset tehd\u00e4\u00e4n s\u00e4hk\u00f6postin kautta (yhteystiedot- osiossa) tai soittamalla minulle.<\/p>\n\n\n\n<p class=\"has-medium-font-size\">Valmiin taulun voi joko noutaa itse, tai sovittaessa toimitan postin kautta. T\u00e4ll\u00f6in tilauksen hintaan lis\u00e4t\u00e4\u00e4n postituskulut (sis. kuljetusputken ja postimaksun) tilauskohtaisesti. Hintoihin lis\u00e4t\u00e4\u00e4n alv 25,5%.<\/p>\n\n\n\n<p><\/p>\n\n\n\n<p><\/p>\n\n\n\n<p class=\"has-medium-font-size\"><strong>HINNAT:<\/strong><\/p>\n\n\n\n<p><strong>Mustavalkoinen <\/strong><\/p>\n\n\n\n<ul class=\"wp-block-list\">\n<li class=\"has-medium-font-size\">A4 65\u20ac<\/li>\n\n\n\n<li class=\"has-medium-font-size\">A3 85\u20ac<\/li>\n\n\n\n<li class=\"has-medium-font-size\">A2 115\u20ac<\/li>\n\n\n\n<li class=\"has-medium-font-size\">A1 155\u20ac<\/li>\n<\/ul>\n\n\n\n<p class=\"has-medium-font-size\"><strong>Mustavalkoinen pienell\u00e4 yksityiskohtaisella v\u00e4rilis\u00e4yksell\u00e4<\/strong><\/p>\n\n\n\n<ul class=\"wp-block-list\">\n<li class=\"has-medium-font-size\">A4 70\u20ac<\/li>\n\n\n\n<li class=\"has-medium-font-size\">A3 90\u20ac<\/li>\n\n\n\n<li class=\"has-medium-font-size\">A2 120\u20ac<\/li>\n\n\n\n<li class=\"has-medium-font-size\">A1 160\u20ac<\/li>\n<\/ul>\n\n\n\n<p class=\"has-medium-font-size\"><strong>Osittain mustavalkoisena ja v\u00e4rillisen\u00e4, 50\/50<\/strong><\/p>\n\n\n\n<ul class=\"wp-block-list\">\n<li class=\"has-medium-font-size\">A4 100\u20ac<\/li>\n\n\n\n<li class=\"has-medium-font-size\">A3 120\u20ac<\/li>\n\n\n\n<li class=\"has-medium-font-size\">A2 150\u20ac<\/li>\n\n\n\n<li class=\"has-medium-font-size\">A1 240\u20ac<\/li>\n<\/ul>\n\n\n\n<p class=\"has-medium-font-size\"><strong>Kokonaan v\u00e4rillisen\u00e4<\/strong><\/p>\n\n\n\n<ul class=\"wp-block-list\">\n<li class=\"has-medium-font-size\">A4 150\u20ac<\/li>\n\n\n\n<li class=\"has-medium-font-size\">A3 180\u20ac<\/li>\n\n\n\n<li class=\"has-medium-font-size\">A2 250\u20ac<\/li>\n\n\n\n<li class=\"has-medium-font-size\">A1 300\u20ac<\/li>\n<\/ul>\n\n\n\n<p><\/p>\n\n\n\n<p class=\"has-pale-cyan-blue-background-color has-background has-medium-font-size\"><strong>AKRYYLI- JA \u00d6LJYV\u00c4RIMAALAUKSET<\/strong><\/p>\n\n\n\n<p class=\"has-medium-font-size\">Maalaukset suunnitellaan tilauskohtaisesti asiakkaan mieltymysten mukaan. Hinnoittelu m\u00e4\u00e4r\u00e4ytyy taulun koon ja maalauskerrosten (ty\u00f6n m\u00e4\u00e4r\u00e4) mukaan. Hintoihin lis\u00e4t\u00e4\u00e4n alv 25,5%. Valmiin ty\u00f6n voi noutaa tai vaihtoehtoisesti l\u00e4het\u00e4n postin kautta. Esimerkkej\u00e4 valmistuneiden taulujen hinnoista:<\/p>\n\n\n\n<ul class=\"wp-block-list\">\n<li class=\"has-medium-font-size\">20 x 20 cm 55 \u20ac<\/li>\n\n\n\n<li class=\"has-medium-font-size\">A4 95 \u20ac<\/li>\n\n\n\n<li class=\"has-medium-font-size\">Py\u00f6re\u00e4, halk. 40cm 155\u20ac<\/li>\n\n\n\n<li class=\"has-medium-font-size\">70 x 60 cm 380 \u20ac<\/li>\n\n\n\n<li class=\"has-medium-font-size\">90 x 70 cm 520 \u20ac<\/li>\n<\/ul>\n\n\n\n<p><\/p>\n","protected":false},"excerpt":{"rendered":"<p>Teen taulut &#8221;mittatilauksella&#8221; asiakkaan toivomasta kuvasta. LYIJYKYN\u00c4- JA PASTELLIPIIRROKSET on saatavina joko Tilaukset tehd\u00e4\u00e4n s\u00e4hk\u00f6postin kautta (yhteystiedot- osiossa) tai soittamalla minulle. Valmiin taulun voi joko noutaa itse, tai sovittaessa toimitan&hellip;<\/p>\n","protected":false},"author":1,"featured_media":0,"parent":0,"menu_order":0,"comment_status":"closed","ping_status":"closed","template":"","meta":{"footnotes":""},"class_list":["post-184","page","type-page","status-publish","hentry"],"_links":{"self":[{"href":"https:\/\/www.mindysart.fi\/index.php\/wp-json\/wp\/v2\/pages\/184","targetHints":{"allow":["GET"]}}],"collection":[{"href":"https:\/\/www.mindysart.fi\/index.php\/wp-json\/wp\/v2\/pages"}],"about":[{"href":"https:\/\/www.mindysart.fi\/index.php\/wp-json\/wp\/v2\/types\/page"}],"author":[{"embeddable":true,"href":"https:\/\/www.mindysart.fi\/index.php\/wp-json\/wp\/v2\/users\/1"}],"replies":[{"embeddable":true,"href":"https:\/\/www.mindysart.fi\/index.php\/wp-json\/wp\/v2\/comments?post=184"}],"version-history":[{"count":11,"href":"https:\/\/www.mindysart.fi\/index.php\/wp-json\/wp\/v2\/pages\/184\/revisions"}],"predecessor-version":[{"id":1127,"href":"https:\/\/www.mindysart.fi\/index.php\/wp-json\/wp\/v2\/pages\/184\/revisions\/1127"}],"wp:attachment":[{"href":"https:\/\/www.mindysart.fi\/index.php\/wp-json\/wp\/v2\/media?parent=184"}],"curies":[{"name":"wp","href":"https:\/\/api.w.org\/{rel}","templated":true}]}}